{"version":"1.0","provider_name":"C.A.R.E.","provider_url":"https:\/\/www.care-platform.eu\/","author_name":"admin","author_url":"https:\/\/www.care-platform.eu\/index.php\/author\/tourniss_sq4t7cxk\/","title":"CARE: C1- Formazione internazionale in Polonia - C.A.R.E.","type":"rich","width":600,"height":338,"html":"<blockquote class=\"wp-embedded-content\" data-secret=\"D86PoDDr1L\"><a href=\"https:\/\/www.care-platform.eu\/index.php\/it\/2023\/11\/08\/care-c1-formazione-internazionale-in-polonia\/\">CARE: C1- Formazione internazionale in Polonia<\/a><\/blockquote><iframe sandbox=\"allow-scripts\" security=\"restricted\" src=\"https:\/\/www.care-platform.eu\/index.php\/it\/2023\/11\/08\/care-c1-formazione-internazionale-in-polonia\/embed\/#?secret=D86PoDDr1L\" width=\"600\" height=\"338\" title=\"&#8220;CARE: C1- Formazione internazionale in Polonia&#8221; &#8212; C.A.R.E.\" data-secret=\"D86PoDDr1L\" frameborder=\"0\" marginwidth=\"0\" marginheight=\"0\" scrolling=\"no\" class=\"wp-embedded-content\"><\/iframe><script>\n\/*! This file is auto-generated *\/\n!function(d,l){\"use strict\";l.querySelector&&d.addEventListener&&\"undefined\"!=typeof URL&&(d.wp=d.wp||{},d.wp.receiveEmbedMessage||(d.wp.receiveEmbedMessage=function(e){var t=e.data;if((t||t.secret||t.message||t.value)&&!\/[^a-zA-Z0-9]\/.test(t.secret)){for(var s,r,n,a=l.querySelectorAll('iframe[data-secret=\"'+t.secret+'\"]'),o=l.querySelectorAll('blockquote[data-secret=\"'+t.secret+'\"]'),c=new RegExp(\"^https?:$\",\"i\"),i=0;i<o.length;i++)o[i].style.display=\"none\";for(i=0;i<a.length;i++)s=a[i],e.source===s.contentWindow&&(s.removeAttribute(\"style\"),\"height\"===t.message?(1e3<(r=parseInt(t.value,10))?r=1e3:~~r<200&&(r=200),s.height=r):\"link\"===t.message&&(r=new URL(s.getAttribute(\"src\")),n=new URL(t.value),c.test(n.protocol))&&n.host===r.host&&l.activeElement===s&&(d.top.location.href=t.value))}},d.addEventListener(\"message\",d.wp.receiveEmbedMessage,!1),l.addEventListener(\"DOMContentLoaded\",function(){for(var e,t,s=l.querySelectorAll(\"iframe.wp-embedded-content\"),r=0;r<s.length;r++)(t=(e=s[r]).getAttribute(\"data-secret\"))||(t=Math.random().toString(36).substring(2,12),e.src+=\"#?secret=\"+t,e.setAttribute(\"data-secret\",t)),e.contentWindow.postMessage({message:\"ready\",secret:t},\"*\")},!1)))}(window,document);\n\/\/# sourceURL=https:\/\/www.care-platform.eu\/wp-includes\/js\/wp-embed.min.js\n<\/script>\n","description":"Formazione internazionale in Polonia su come promuovere l&#8217;inclusione sociale e lavorativa dei giovani ipovedenti (V.I) attraverso laboratori di ceramica. Nel quadro del progetto &#8220;CARE: Ceramic Artworks to Raise Esteem and Employability&#8221;, il primo evento di formazione internazionale si \u00e8 svolto dal 23 al 27 ottobre 2023 a \u0141\u00f3d\u017a, in Polonia. Oltre 20 ceramisti ed educatori vi hanno partecipato, con l\u2019obiettivo principale di prepararsi all\u2019implementazione di laboratori di ceramica destinati a giovani con disabilit\u00e0 visiva. In Polonia, i partecipanti hanno preso parte a diversi laboratori di ceramica e collaborato con altri professionisti del settore artistico e artigianale. Attraverso il coinvolgimento attivo nei laboratori, i partecipanti hanno non solo migliorato la loro destrezza manuale, ma anche sviluppato competenze socio-emotive, concentrandosi sull\u2019espressione delle emozioni tramite la creazione di opere in ceramica. Queste competenze sono fondamentali per aiutare i giovani con disabilit\u00e0 visiva a utilizzare la ceramica come mezzo di espressione personale e di interazione sociale. Ci\u00f2 contribuisce a una maggiore inclusione nella societ\u00e0 e apre nuove opportunit\u00e0 occupazionali nel settore artistico e artigianale. Inoltre, i partecipanti hanno avuto l\u2019opportunit\u00e0 unica di visitare un centro giovanile, dove hanno interagito con giovani con disabilit\u00e0 visiva, offrendo supporto in laboratori di ceramica specializzati. Questa esperienza si \u00e8 rivelata una preziosa lezione per comprendere le diverse forme di disabilit\u00e0 visiva e promuovere l\u2019empatia nei confronti dei giovani con disabilit\u00e0. Durante la formazione, i partecipanti hanno avuto accesso alle risorse messe a disposizione dal progetto CARE, scaricabili dal sito web ufficiale. Tra queste risorse vi \u00e8 un manuale speciale con istruzioni chiare su come organizzare laboratori di ceramica per giovani con disabilit\u00e0 visiva. Il manuale propone anche una variet\u00e0 di attivit\u00e0 divertenti e coinvolgenti, pensate per aiutare i giovani con disabilit\u00e0 visiva a migliorare le proprie competenze sociali e a partecipare attivamente. I laboratori di ceramica per giovani con disabilit\u00e0 visiva (dai 18 anni in su) partiranno a breve in Grecia, Irlanda, Polonia, Italia e Cipro, e avranno una durata complessiva di circa 100 ore.","thumbnail_url":"https:\/\/www.care-platform.eu\/wp-content\/uploads\/2025\/07\/Picture1-6.jpg","thumbnail_width":1440,"thumbnail_height":614}

Formazione internazionale in Polonia su come promuovere l&#8217;inclusione sociale e lavorativa dei giovani ipovedenti (V.I) attraverso laboratori di ceramica. Nel quadro del progetto &#8220;CARE: Ceramic Artworks to Raise Esteem and Employability&#8221;, il primo evento di formazione internazionale si è svolto dal 23 al 27 ottobre 2023 a Łódź, in Polonia. Oltre 20 ceramisti ed educatori vi hanno partecipato, con l’obiettivo principale di prepararsi all’implementazione di laboratori di ceramica destinati a giovani con disabilità visiva. In Polonia, i partecipanti hanno preso parte a diversi laboratori di ceramica e collaborato con altri professionisti del settore artistico e artigianale. Attraverso il coinvolgimento attivo nei laboratori, i partecipanti hanno non solo migliorato la loro destrezza manuale, ma anche sviluppato competenze socio-emotive, concentrandosi sull’espressione delle emozioni tramite la creazione di opere in ceramica. Queste competenze sono fondamentali per aiutare i giovani con disabilità visiva a utilizzare la ceramica come mezzo di espressione personale e di interazione sociale. Ciò contribuisce a una maggiore inclusione nella società e apre nuove opportunità occupazionali nel settore artistico e artigianale. Inoltre, i partecipanti hanno avuto l’opportunità unica di visitare un centro giovanile, dove hanno interagito con giovani con disabilità visiva, offrendo supporto in laboratori di ceramica specializzati. Questa esperienza si è rivelata una preziosa lezione per comprendere le diverse forme di disabilità visiva e promuovere l’empatia nei confronti dei giovani con disabilità. Durante la formazione, i partecipanti hanno avuto accesso alle risorse messe a disposizione dal progetto CARE, scaricabili dal sito web ufficiale. Tra queste risorse vi è un manuale speciale con istruzioni chiare su come organizzare laboratori di ceramica per giovani con disabilità visiva. Il manuale propone anche una varietà di attività divertenti e coinvolgenti, pensate per aiutare i giovani con disabilità visiva a migliorare le proprie competenze sociali e a partecipare attivamente. I laboratori di ceramica per giovani con disabilità visiva (dai 18 anni in su) partiranno a breve in Grecia, Irlanda, Polonia, Italia e Cipro, e avranno una durata complessiva di circa 100 ore.
