{"version":"1.0","provider_name":"C.A.R.E.","provider_url":"https:\/\/www.care-platform.eu\/","author_name":"admin","author_url":"https:\/\/www.care-platform.eu\/index.php\/author\/tourniss_sq4t7cxk\/","title":"News and Events - C.A.R.E.","type":"rich","width":600,"height":338,"html":"<blockquote class=\"wp-embedded-content\" data-secret=\"2vydZNuoim\"><a href=\"https:\/\/www.care-platform.eu\/index.php\/news-and-events\/\">News and Events<\/a><\/blockquote><iframe sandbox=\"allow-scripts\" security=\"restricted\" src=\"https:\/\/www.care-platform.eu\/index.php\/news-and-events\/embed\/#?secret=2vydZNuoim\" width=\"600\" height=\"338\" title=\"&#8220;News and Events&#8221; &#8212; C.A.R.E.\" data-secret=\"2vydZNuoim\" frameborder=\"0\" marginwidth=\"0\" marginheight=\"0\" scrolling=\"no\" class=\"wp-embedded-content\"><\/iframe><script>\n\/*! This file is auto-generated *\/\n!function(d,l){\"use strict\";l.querySelector&&d.addEventListener&&\"undefined\"!=typeof URL&&(d.wp=d.wp||{},d.wp.receiveEmbedMessage||(d.wp.receiveEmbedMessage=function(e){var t=e.data;if((t||t.secret||t.message||t.value)&&!\/[^a-zA-Z0-9]\/.test(t.secret)){for(var s,r,n,a=l.querySelectorAll('iframe[data-secret=\"'+t.secret+'\"]'),o=l.querySelectorAll('blockquote[data-secret=\"'+t.secret+'\"]'),c=new RegExp(\"^https?:$\",\"i\"),i=0;i<o.length;i++)o[i].style.display=\"none\";for(i=0;i<a.length;i++)s=a[i],e.source===s.contentWindow&&(s.removeAttribute(\"style\"),\"height\"===t.message?(1e3<(r=parseInt(t.value,10))?r=1e3:~~r<200&&(r=200),s.height=r):\"link\"===t.message&&(r=new URL(s.getAttribute(\"src\")),n=new URL(t.value),c.test(n.protocol))&&n.host===r.host&&l.activeElement===s&&(d.top.location.href=t.value))}},d.addEventListener(\"message\",d.wp.receiveEmbedMessage,!1),l.addEventListener(\"DOMContentLoaded\",function(){for(var e,t,s=l.querySelectorAll(\"iframe.wp-embedded-content\"),r=0;r<s.length;r++)(t=(e=s[r]).getAttribute(\"data-secret\"))||(t=Math.random().toString(36).substring(2,12),e.src+=\"#?secret=\"+t,e.setAttribute(\"data-secret\",t)),e.contentWindow.postMessage({message:\"ready\",secret:t},\"*\")},!1)))}(window,document);\n\/\/# sourceURL=https:\/\/www.care-platform.eu\/wp-includes\/js\/wp-embed.min.js\n<\/script>\n","description":"NEWS AND EVENTS All Posts Uncategorized A sea of possibilities June 5, 2024\/ We started ceramic workshops with our project Partners and the \u0141\u00f3d\u017a School for the Visually Impaired and Blind in \u0141\u00f3d\u017a&hellip; Read More Empowering Creativity: Ceramic Workshops and Inclusive Initiatives in Nicosia June 4, 2024\/ In the context of the project CARE in Cyprus, after a long period of preparations, we started our ceramic workshops&hellip; Read More CARE&#8217;s ceramic workshops: a new pathway for young people with visual impairments in Europe. Let\u2019s discover the uncountable benefits! June 3, 2024\/ Erasmus+ CARE&#8217;s ceramic workshops are proving to be a true success for young people with visual impairments in Italy, Greece,&hellip; Read More Improving self-esteem with a Ceramic Erasmus+ Course May 23, 2024\/ Ierfop&#8217;s Care Project, the adventure continues for ten visually impaired young people From clay to ceramics. Under the guidance of&hellip; Read More 3rd Film Festival for Disabilities in Cyprus December 29, 2023\/ Our Cypriot partners, Center for Social Innovation &#8211; CSI, on the occasion of the International Day of Persons with Disabilities,&hellip; Read More CARE at the 5th International Conference: \u201cLiteracy and Contemporary Society: Creativity, Equity, Social Action\u201d in Cyprus December 4, 2023\/ On the 4th of December 2023, during the 5th International Conference: \u201cLiteracy and Contemporary Society: Creativity, Equity, Social Action\u201d organized&hellip; Read More CARE: C1- Joint Staff Training November 8, 2023\/ \u0399nternational training in Poland on how to promote the social and labour inclusion of visually impaired young people (V.I) through&hellip; Read More CARE: the artistic approach and ceramic processing to promote the inclusion of visually impaired young people. Find out the latest&hellip; June 15, 2023\/ On 7-8 June 2023, the European partners of CARE from Italy, Greece, Cyprus, Poland, Ireland met in Wexford (Ireland) to&hellip; Read More 1st Transnational C.A.R.E Meeting January 26, 2023\/ Nine participants from five partner organizations coming from four European countries attended the 1st Transnational kick-off meeting of the Erasmus+&hellip; Read More C.A.R.E.-New Erasmus+ Project January 25, 2023\/ C.A.R.E. arises a key opportunity for young people with visual impairment (V.I.P.) to unlock their potential as individuals, as artists,&hellip; Read More"}

NEWS AND EVENTS All Posts Uncategorized A sea of possibilities June 5, 2024/ We started ceramic workshops with our project Partners and the Łódź School for the Visually Impaired and Blind in Łódź&hellip; Read More Empowering Creativity: Ceramic Workshops and Inclusive Initiatives in Nicosia June 4, 2024/ In the context of the project CARE in Cyprus, after a long period of preparations, we started our ceramic workshops&hellip; Read More CARE&#8217;s ceramic workshops: a new pathway for young people with visual impairments in Europe. Let’s discover the uncountable benefits! June 3, 2024/ Erasmus+ CARE&#8217;s ceramic workshops are proving to be a true success for young people with visual impairments in Italy, Greece,&hellip; Read More Improving self-esteem with a Ceramic Erasmus+ Course May 23, 2024/ Ierfop&#8217;s Care Project, the adventure continues for ten visually impaired young people From clay to ceramics. Under the guidance of&hellip; Read More 3rd Film Festival for Disabilities in Cyprus December 29, 2023/ Our Cypriot partners, Center for Social Innovation &#8211; CSI, on the occasion of the International Day of Persons with Disabilities,&hellip; Read More CARE at the 5th International Conference: “Literacy and Contemporary Society: Creativity, Equity, Social Action” in Cyprus December 4, 2023/ On the 4th of December 2023, during the 5th International Conference: “Literacy and Contemporary Society: Creativity, Equity, Social Action” organized&hellip; Read More CARE: C1- Joint Staff Training November 8, 2023/ Ιnternational training in Poland on how to promote the social and labour inclusion of visually impaired young people (V.I) through&hellip; Read More CARE: the artistic approach and ceramic processing to promote the inclusion of visually impaired young people. Find out the latest&hellip; June 15, 2023/ On 7-8 June 2023, the European partners of CARE from Italy, Greece, Cyprus, Poland, Ireland met in Wexford (Ireland) to&hellip; Read More 1st Transnational C.A.R.E Meeting January 26, 2023/ Nine participants from five partner organizations coming from four European countries attended the 1st Transnational kick-off meeting of the Erasmus+&hellip; Read More C.A.R.E.-New Erasmus+ Project January 25, 2023/ C.A.R.E. arises a key opportunity for young people with visual impairment (V.I.P.) to unlock their potential as individuals, as artists,&hellip; Read More
