{"version":"1.0","provider_name":"C.A.R.E.","provider_url":"https:\/\/www.care-platform.eu\/","author_name":"admin","author_url":"https:\/\/www.care-platform.eu\/index.php\/author\/tourniss_sq4t7cxk\/","title":"CARE: C1- Wsp\u00f3lne szkolenie kadry - C.A.R.E.","type":"rich","width":600,"height":338,"html":"<blockquote class=\"wp-embedded-content\" data-secret=\"M89j4a5znY\"><a href=\"https:\/\/www.care-platform.eu\/index.php\/pl\/2023\/11\/08\/care-c1-wspolne-szkolenie-kadry\/\">CARE: C1- Wsp\u00f3lne szkolenie kadry<\/a><\/blockquote><iframe sandbox=\"allow-scripts\" security=\"restricted\" src=\"https:\/\/www.care-platform.eu\/index.php\/pl\/2023\/11\/08\/care-c1-wspolne-szkolenie-kadry\/embed\/#?secret=M89j4a5znY\" width=\"600\" height=\"338\" title=\"&#8220;CARE: C1- Wsp\u00f3lne szkolenie kadry&#8221; &#8212; C.A.R.E.\" data-secret=\"M89j4a5znY\" frameborder=\"0\" marginwidth=\"0\" marginheight=\"0\" scrolling=\"no\" class=\"wp-embedded-content\"><\/iframe><script>\n\/*! This file is auto-generated *\/\n!function(d,l){\"use strict\";l.querySelector&&d.addEventListener&&\"undefined\"!=typeof URL&&(d.wp=d.wp||{},d.wp.receiveEmbedMessage||(d.wp.receiveEmbedMessage=function(e){var t=e.data;if((t||t.secret||t.message||t.value)&&!\/[^a-zA-Z0-9]\/.test(t.secret)){for(var s,r,n,a=l.querySelectorAll('iframe[data-secret=\"'+t.secret+'\"]'),o=l.querySelectorAll('blockquote[data-secret=\"'+t.secret+'\"]'),c=new RegExp(\"^https?:$\",\"i\"),i=0;i<o.length;i++)o[i].style.display=\"none\";for(i=0;i<a.length;i++)s=a[i],e.source===s.contentWindow&&(s.removeAttribute(\"style\"),\"height\"===t.message?(1e3<(r=parseInt(t.value,10))?r=1e3:~~r<200&&(r=200),s.height=r):\"link\"===t.message&&(r=new URL(s.getAttribute(\"src\")),n=new URL(t.value),c.test(n.protocol))&&n.host===r.host&&l.activeElement===s&&(d.top.location.href=t.value))}},d.addEventListener(\"message\",d.wp.receiveEmbedMessage,!1),l.addEventListener(\"DOMContentLoaded\",function(){for(var e,t,s=l.querySelectorAll(\"iframe.wp-embedded-content\"),r=0;r<s.length;r++)(t=(e=s[r]).getAttribute(\"data-secret\"))||(t=Math.random().toString(36).substring(2,12),e.src+=\"#?secret=\"+t,e.setAttribute(\"data-secret\",t)),e.contentWindow.postMessage({message:\"ready\",secret:t},\"*\")},!1)))}(window,document);\n\/\/# sourceURL=https:\/\/www.care-platform.eu\/wp-includes\/js\/wp-embed.min.js\n<\/script>\n","description":"Mi\u0119dzynarodowe szkolenie w Polsce dotycz\u0105ce promowania integracji spo\u0142ecznej i zawodowej m\u0142odych os\u00f3b z niepe\u0142nosprawno\u015bci\u0105 wzrokow\u0105\u00a0 poprzez warsztaty ceramiczne. W ramach projektu &#8220;CARE: zwi\u0119kszanie poczucia w\u0142asnej warto\u015bci i\u00a0szans na\u00a0zatrudnienie os\u00f3b z\u00a0niepe\u0142nosprawno\u015bci\u0105 wzrokow\u0105 poprzez kszta\u0142towanie ich kompetencji psychomotorycznych w\u00a0pracy z\u00a0ceramik\u0105&#8221;\u00a0 w dniach 23\u201327 pa\u017adziernika 2023 roku w \u0141odzi odby\u0142o si\u0119 pierwsze mi\u0119dzynarodowe szkolenie. W wydarzeniu wzi\u0119\u0142o udzia\u0142 ponad 20 ceramik\u00f3w i edukator\u00f3w z kraj\u00f3w partnerskich, a jego g\u0142\u00f3wnym celem by\u0142o przygotowanie do prowadzenia warsztat\u00f3w ceramicznych dla m\u0142odzie\u017cy z niepe\u0142nosprawno\u015bci\u0105 wzrokow\u0105. Podczas pobytu w Polsce uczestnicy wzi\u0119li udzia\u0142 w r\u00f3\u017cnorodnych warsztatach ceramicznych, wsp\u00f3\u0142pracuj\u0105c z profesjonalistami z bran\u017cy sztuki i rzemios\u0142a. Poprzez aktywne zaanga\u017cowanie rozwijali nie tylko sprawno\u015b\u0107 manualn\u0105, lecz tak\u017ce kompetencje spo\u0142eczno-emocjonalne \u2013 w szczeg\u00f3lno\u015bci umiej\u0119tno\u015b\u0107 wyra\u017cania emocji poprzez tworzenie ceramicznych dzie\u0142. Umiej\u0119tno\u015bci te s\u0105 niezwykle istotne w pracy z m\u0142odymi osobami z niepe\u0142nosprawno\u015bci\u0105 wzrokow\u0105, poniewa\u017c pozwalaj\u0105 im wykorzystywa\u0107 ceramik\u0119 jako form\u0119 ekspresji i narz\u0119dzie do budowania relacji spo\u0142ecznych. Tym samym wspieraj\u0105 proces integracji spo\u0142ecznej i otwieraj\u0105 nowe \u015bcie\u017cki zatrudnienia w sektorze sztuki i rzemios\u0142a. Uczestnicy szkolenia mieli r\u00f3wnie\u017c wyj\u0105tkow\u0105 okazj\u0119 odwiedzi\u0107 o\u015brodek m\u0142odzie\u017cowy, gdzie spotkali si\u0119 z m\u0142odzie\u017c\u0105 z niepe\u0142nosprawno\u015bci\u0105 wzrokow\u0105 i wsp\u00f3lnie prowadzili specjalistyczne warsztaty ceramiczne. Spotkanie to pozwoli\u0142o lepiej zrozumie\u0107 r\u00f3\u017cnorodne formy dysfunkcji wzroku i pog\u0142\u0119bi\u0142o empati\u0119 wobec m\u0142odych os\u00f3b z takimi trudno\u015bciami. W trakcie szkolenia uczestnicy otrzymali dost\u0119p do materia\u0142\u00f3w edukacyjnych opracowanych w ramach projektu CARE, kt\u00f3re mo\u017cna bezp\u0142atnie pobra\u0107 ze strony internetowej projektu. W\u015br\u00f3d nich znajduje si\u0119 m.in. specjalny podr\u0119cznik zawieraj\u0105cy przejrzyste wskaz\u00f3wki dotycz\u0105ce organizacji warsztat\u00f3w ceramicznych dla m\u0142odzie\u017cy z niepe\u0142nosprawno\u015bci\u0105 wzrokow\u0105 oraz propozycje anga\u017cuj\u0105cych aktywno\u015bci wspieraj\u0105cych rozw\u00f3j umiej\u0119tno\u015bci spo\u0142ecznych. Wkr\u00f3tce rozpoczn\u0105 si\u0119 r\u00f3wnie\u017c warsztaty ceramiczne dla m\u0142odzie\u017cy z niepe\u0142nosprawno\u015bci\u0105 wzrokow\u0105 w Grecji, Irlandii, Polsce, W\u0142oszech i na Cyprze. Program warsztat\u00f3w zak\u0142ada oko\u0142o 100 godzin zaj\u0119\u0107 praktycznych.","thumbnail_url":"https:\/\/www.care-platform.eu\/wp-content\/uploads\/2025\/07\/Picture1-6.jpg","thumbnail_width":1440,"thumbnail_height":614}

CARE: C1- Wspólne szkolenie kadry - C.A.R.E.

<blockquote class="wp-embedded-content" data-secret="M89j4a5znY"><a href="https://www.care-platform.eu/index.php/pl/2023/11/08/care-c1-wspolne-szkolenie-kadry/">CARE: C1- Wspólne szkolenie kadry</a></blockquote><iframe sandbox="allow-scripts" security="restricted" src="https://www.care-platform.eu/index.php/pl/2023/11/08/care-c1-wspolne-szkolenie-kadry/embed/#?secret=M89j4a5znY" width="600" height="338" title="&#8220;CARE: C1- Wspólne szkolenie kadry&#8221; &#8212; C.A.R.E." data-secret="M89j4a5znY" frameborder="0" marginwidth="0" marginheight="0" scrolling="no" class="wp-embedded-content"></iframe><script>
/*! This file is auto-generated */
!function(d,l){"use strict";l.querySelector&&d.addEventListener&&"undefined"!=typeof URL&&(d.wp=d.wp||{},d.wp.receiveEmbedMessage||(d.wp.receiveEmbedMessage=function(e){var t=e.data;if((t||t.secret||t.message||t.value)&&!/[^a-zA-Z0-9]/.test(t.secret)){for(var s,r,n,a=l.querySelectorAll('iframe[data-secret="'+t.secret+'"]'),o=l.querySelectorAll('blockquote[data-secret="'+t.secret+'"]'),c=new RegExp("^https?:$","i"),i=0;i<o.length;i++)o[i].style.display="none";for(i=0;i<a.length;i++)s=a[i],e.source===s.contentWindow&&(s.removeAttribute("style"),"height"===t.message?(1e3<(r=parseInt(t.value,10))?r=1e3:~~r<200&&(r=200),s.height=r):"link"===t.message&&(r=new URL(s.getAttribute("src")),n=new URL(t.value),c.test(n.protocol))&&n.host===r.host&&l.activeElement===s&&(d.top.location.href=t.value))}},d.addEventListener("message",d.wp.receiveEmbedMessage,!1),l.addEventListener("DOMContentLoaded",function(){for(var e,t,s=l.querySelectorAll("iframe.wp-embedded-content"),r=0;r<s.length;r++)(t=(e=s[r]).getAttribute("data-secret"))||(t=Math.random().toString(36).substring(2,12),e.src+="#?secret="+t,e.setAttribute("data-secret",t)),e.contentWindow.postMessage({message:"ready",secret:t},"*")},!1)))}(window,document);
//# sourceURL=https://www.care-platform.eu/wp-includes/js/wp-embed.min.js
</script>

Międzynarodowe szkolenie w Polsce dotyczące promowania integracji społecznej i zawodowej młodych osób z niepełnosprawnością wzrokową  poprzez warsztaty ceramiczne. W ramach projektu &#8220;CARE: zwiększanie poczucia własnej wartości i szans na zatrudnienie osób z niepełnosprawnością wzrokową poprzez kształtowanie ich kompetencji psychomotorycznych w pracy z ceramiką&#8221;  w dniach 23–27 października 2023 roku w Łodzi odbyło się pierwsze międzynarodowe szkolenie. W wydarzeniu wzięło udział ponad 20 ceramików i edukatorów z krajów partnerskich, a jego głównym celem było przygotowanie do prowadzenia warsztatów ceramicznych dla młodzieży z niepełnosprawnością wzrokową. Podczas pobytu w Polsce uczestnicy wzięli udział w różnorodnych warsztatach ceramicznych, współpracując z profesjonalistami z branży sztuki i rzemiosła. Poprzez aktywne zaangażowanie rozwijali nie tylko sprawność manualną, lecz także kompetencje społeczno-emocjonalne – w szczególności umiejętność wyrażania emocji poprzez tworzenie ceramicznych dzieł. Umiejętności te są niezwykle istotne w pracy z młodymi osobami z niepełnosprawnością wzrokową, ponieważ pozwalają im wykorzystywać ceramikę jako formę ekspresji i narzędzie do budowania relacji społecznych. Tym samym wspierają proces integracji społecznej i otwierają nowe ścieżki zatrudnienia w sektorze sztuki i rzemiosła. Uczestnicy szkolenia mieli również wyjątkową okazję odwiedzić ośrodek młodzieżowy, gdzie spotkali się z młodzieżą z niepełnosprawnością wzrokową i wspólnie prowadzili specjalistyczne warsztaty ceramiczne. Spotkanie to pozwoliło lepiej zrozumieć różnorodne formy dysfunkcji wzroku i pogłębiło empatię wobec młodych osób z takimi trudnościami. W trakcie szkolenia uczestnicy otrzymali dostęp do materiałów edukacyjnych opracowanych w ramach projektu CARE, które można bezpłatnie pobrać ze strony internetowej projektu. Wśród nich znajduje się m.in. specjalny podręcznik zawierający przejrzyste wskazówki dotyczące organizacji warsztatów ceramicznych dla młodzieży z niepełnosprawnością wzrokową oraz propozycje angażujących aktywności wspierających rozwój umiejętności społecznych. Wkrótce rozpoczną się również warsztaty ceramiczne dla młodzieży z niepełnosprawnością wzrokową w Grecji, Irlandii, Polsce, Włoszech i na Cyprze. Program warsztatów zakłada około 100 godzin zajęć praktycznych.
