{"version":"1.0","provider_name":"C.A.R.E.","provider_url":"https:\/\/www.care-platform.eu\/","author_name":"admin","author_url":"https:\/\/www.care-platform.eu\/index.php\/author\/tourniss_sq4t7cxk\/","title":"Dobre praktyki - wywiady - C.A.R.E.","type":"rich","width":600,"height":338,"html":"<blockquote class=\"wp-embedded-content\" data-secret=\"GBqs8W2XWt\"><a href=\"https:\/\/www.care-platform.eu\/index.php\/pl\/dobre-praktyki-wywiady\/\">Dobre praktyki &#8211; wywiady<\/a><\/blockquote><iframe sandbox=\"allow-scripts\" security=\"restricted\" src=\"https:\/\/www.care-platform.eu\/index.php\/pl\/dobre-praktyki-wywiady\/embed\/#?secret=GBqs8W2XWt\" width=\"600\" height=\"338\" title=\"&#8220;Dobre praktyki &#8211; wywiady&#8221; &#8212; C.A.R.E.\" data-secret=\"GBqs8W2XWt\" frameborder=\"0\" marginwidth=\"0\" marginheight=\"0\" scrolling=\"no\" class=\"wp-embedded-content\"><\/iframe><script>\n\/*! This file is auto-generated *\/\n!function(d,l){\"use strict\";l.querySelector&&d.addEventListener&&\"undefined\"!=typeof URL&&(d.wp=d.wp||{},d.wp.receiveEmbedMessage||(d.wp.receiveEmbedMessage=function(e){var t=e.data;if((t||t.secret||t.message||t.value)&&!\/[^a-zA-Z0-9]\/.test(t.secret)){for(var s,r,n,a=l.querySelectorAll('iframe[data-secret=\"'+t.secret+'\"]'),o=l.querySelectorAll('blockquote[data-secret=\"'+t.secret+'\"]'),c=new RegExp(\"^https?:$\",\"i\"),i=0;i<o.length;i++)o[i].style.display=\"none\";for(i=0;i<a.length;i++)s=a[i],e.source===s.contentWindow&&(s.removeAttribute(\"style\"),\"height\"===t.message?(1e3<(r=parseInt(t.value,10))?r=1e3:~~r<200&&(r=200),s.height=r):\"link\"===t.message&&(r=new URL(s.getAttribute(\"src\")),n=new URL(t.value),c.test(n.protocol))&&n.host===r.host&&l.activeElement===s&&(d.top.location.href=t.value))}},d.addEventListener(\"message\",d.wp.receiveEmbedMessage,!1),l.addEventListener(\"DOMContentLoaded\",function(){for(var e,t,s=l.querySelectorAll(\"iframe.wp-embedded-content\"),r=0;r<s.length;r++)(t=(e=s[r]).getAttribute(\"data-secret\"))||(t=Math.random().toString(36).substring(2,12),e.src+=\"#?secret=\"+t,e.setAttribute(\"data-secret\",t)),e.contentWindow.postMessage({message:\"ready\",secret:t},\"*\")},!1)))}(window,document);\n\/\/# sourceURL=https:\/\/www.care-platform.eu\/wp-includes\/js\/wp-embed.min.js\n<\/script>\n","description":"Dobre praktyki &#8211; wywiady W ramach projektu CARE ka\u017cdy kraj partnerski przygotowa\u0142 inspiruj\u0105ce wywiady wideo z m\u0142odymi osobami z niepe\u0142nosprawno\u015bciami, ukazuj\u0105ce ich osobiste historie odporno\u015bci, kreatywno\u015bci i wp\u0142ywu spo\u0142ecznego. Wywiady te towarzysz\u0105 publikacji \u201ePodr\u0119cznik przedsi\u0119biorczo\u015bci dla spo\u0142eczno\u015bci os\u00f3b z dysfunkcj\u0105 wzroku\u201d, kt\u00f3ry zawiera praktyczne narz\u0119dzia, wskaz\u00f3wki i motywacj\u0119 dla m\u0142odych os\u00f3b z niepe\u0142nosprawno\u015bciami, pomagaj\u0105c im dostrzec potrzeby w swoich spo\u0142eczno\u015bciach i zak\u0142ada\u0107 w\u0142asne inicjatywy. W ka\u017cdym kr\u00f3tkim filmie przedstawieni m\u0142odzi ludzie opowiadaj\u0105 o sobie oraz dziel\u0105 si\u0119 refleksjami na temat swojej drogi \u017cyciowej i zawodowej. M\u00f3wi\u0105 o tym, co zainspirowa\u0142o ich do podj\u0119cia kariery artystycznej lub biznesowej, z jakimi wyzwaniami mierzyli si\u0119 jako osoby z niepe\u0142nosprawno\u015bci\u0105 oraz w jaki spos\u00f3b te przeszkody pokonali. Wywiady poruszaj\u0105 tak\u017ce temat system\u00f3w wsparcia, kt\u00f3re odegra\u0142y kluczow\u0105 rol\u0119 w ich sukcesie, zawieraj\u0105 porady dla innych m\u0142odych os\u00f3b z niepe\u0142nosprawno\u015bciami chc\u0105cych obra\u0107 podobn\u0105 \u015bcie\u017ck\u0119 oraz pokazuj\u0105, jak spo\u0142ecze\u0144stwo mo\u017ce wspiera\u0107 i anga\u017cowa\u0107 si\u0119 w ich dzia\u0142ania. Historie te stanowi\u0105 realne przyk\u0142ady tego, co jest mo\u017cliwe, gdy talent spotyka si\u0119 z odpowiednimi szansami. Ich celem jest szerzenie idei wzmocnienia i integracji, jako cz\u0119\u015b\u0107 szerszego dzia\u0142ania projektu CARE na rzecz bardziej inkluzywnego sektora kreatywnego w Europie. https:\/\/youtu.be\/6pYrveAyhi8?si=fSlybZb6Plk9tm6mhttps:\/\/youtu.be\/H5w5DEllDXI?si=yuzeL-BysW6yrSXwhttps:\/\/youtu.be\/sPNIE4FrVa4?si=47VRReTN30jBCUI4https:\/\/youtu.be\/1urqXiMUyeM?si=Hz7LgWBB9y0uM4Znhttps:\/\/youtu.be\/86pfCRu1vJw?si=7dqRqIE9IdtT1yvIhttps:\/\/youtu.be\/33QznPB9uwc?si=unwyC5cML0tGznV1"}

Dobre praktyki &#8211; wywiady W ramach projektu CARE każdy kraj partnerski przygotował inspirujące wywiady wideo z młodymi osobami z niepełnosprawnościami, ukazujące ich osobiste historie odporności, kreatywności i wpływu społecznego. Wywiady te towarzyszą publikacji „Podręcznik przedsiębiorczości dla społeczności osób z dysfunkcją wzroku”, który zawiera praktyczne narzędzia, wskazówki i motywację dla młodych osób z niepełnosprawnościami, pomagając im dostrzec potrzeby w swoich społecznościach i zakładać własne inicjatywy. W każdym krótkim filmie przedstawieni młodzi ludzie opowiadają o sobie oraz dzielą się refleksjami na temat swojej drogi życiowej i zawodowej. Mówią o tym, co zainspirowało ich do podjęcia kariery artystycznej lub biznesowej, z jakimi wyzwaniami mierzyli się jako osoby z niepełnosprawnością oraz w jaki sposób te przeszkody pokonali. Wywiady poruszają także temat systemów wsparcia, które odegrały kluczową rolę w ich sukcesie, zawierają porady dla innych młodych osób z niepełnosprawnościami chcących obrać podobną ścieżkę oraz pokazują, jak społeczeństwo może wspierać i angażować się w ich działania. Historie te stanowią realne przykłady tego, co jest możliwe, gdy talent spotyka się z odpowiednimi szansami. Ich celem jest szerzenie idei wzmocnienia i integracji, jako część szerszego działania projektu CARE na rzecz bardziej inkluzywnego sektora kreatywnego w Europie. https://youtu.be/6pYrveAyhi8?si=fSlybZb6Plk9tm6mhttps://youtu.be/H5w5DEllDXI?si=yuzeL-BysW6yrSXwhttps://youtu.be/sPNIE4FrVa4?si=47VRReTN30jBCUI4https://youtu.be/1urqXiMUyeM?si=Hz7LgWBB9y0uM4Znhttps://youtu.be/86pfCRu1vJw?si=7dqRqIE9IdtT1yvIhttps://youtu.be/33QznPB9uwc?si=unwyC5cML0tGznV1
