{"version":"1.0","provider_name":"C.A.R.E.","provider_url":"https:\/\/www.care-platform.eu\/","author_name":"admin","author_url":"https:\/\/www.care-platform.eu\/index.php\/author\/tourniss_sq4t7cxk\/","title":"Wideo - C.A.R.E.","type":"rich","width":600,"height":338,"html":"<blockquote class=\"wp-embedded-content\" data-secret=\"UcQP6xRBnK\"><a href=\"https:\/\/www.care-platform.eu\/index.php\/pl\/wideo\/\">Wideo<\/a><\/blockquote><iframe sandbox=\"allow-scripts\" security=\"restricted\" src=\"https:\/\/www.care-platform.eu\/index.php\/pl\/wideo\/embed\/#?secret=UcQP6xRBnK\" width=\"600\" height=\"338\" title=\"&#8220;Wideo&#8221; &#8212; C.A.R.E.\" data-secret=\"UcQP6xRBnK\" frameborder=\"0\" marginwidth=\"0\" marginheight=\"0\" scrolling=\"no\" class=\"wp-embedded-content\"><\/iframe><script>\n\/*! This file is auto-generated *\/\n!function(d,l){\"use strict\";l.querySelector&&d.addEventListener&&\"undefined\"!=typeof URL&&(d.wp=d.wp||{},d.wp.receiveEmbedMessage||(d.wp.receiveEmbedMessage=function(e){var t=e.data;if((t||t.secret||t.message||t.value)&&!\/[^a-zA-Z0-9]\/.test(t.secret)){for(var s,r,n,a=l.querySelectorAll('iframe[data-secret=\"'+t.secret+'\"]'),o=l.querySelectorAll('blockquote[data-secret=\"'+t.secret+'\"]'),c=new RegExp(\"^https?:$\",\"i\"),i=0;i<o.length;i++)o[i].style.display=\"none\";for(i=0;i<a.length;i++)s=a[i],e.source===s.contentWindow&&(s.removeAttribute(\"style\"),\"height\"===t.message?(1e3<(r=parseInt(t.value,10))?r=1e3:~~r<200&&(r=200),s.height=r):\"link\"===t.message&&(r=new URL(s.getAttribute(\"src\")),n=new URL(t.value),c.test(n.protocol))&&n.host===r.host&&l.activeElement===s&&(d.top.location.href=t.value))}},d.addEventListener(\"message\",d.wp.receiveEmbedMessage,!1),l.addEventListener(\"DOMContentLoaded\",function(){for(var e,t,s=l.querySelectorAll(\"iframe.wp-embedded-content\"),r=0;r<s.length;r++)(t=(e=s[r]).getAttribute(\"data-secret\"))||(t=Math.random().toString(36).substring(2,12),e.src+=\"#?secret=\"+t,e.setAttribute(\"data-secret\",t)),e.contentWindow.postMessage({message:\"ready\",secret:t},\"*\")},!1)))}(window,document);\n\/\/# sourceURL=https:\/\/www.care-platform.eu\/wp-includes\/js\/wp-embed.min.js\n<\/script>\n","description":"Wideo Projekt Erasmus+ C.A.R.E. wykorzystuje ceramik\u0119 jako narz\u0119dzie do rozwijania kreatywno\u015bci i uwra\u017cliwiania na potrzeby m\u0142odych z niepe\u0142nosprawno\u015bci\u0105 wzrokow\u0105. Dzi\u0119ki warsztatom prowadzonym we W\u0142oszech, Grecji, na Cyprze, w Irlandii i w Polsce, uczestnicy mieli okazj\u0119 pracowa\u0107 z do\u015bwiadczonymi ceramikami, edukatorami oraz specjalistami zajmuj\u0105cymi si\u0119 wsparciem os\u00f3b z dysfunkcj\u0105 wzroku. Jednym z kluczowych dzia\u0142a\u0144 projektu by\u0142o mi\u0119dzynarodowe szkolenie, kt\u00f3re odby\u0142o si\u0119 w Polsce w 2023 roku. Przygotowano w\u00f3wczas specjalny program dla edukator\u00f3w i ekspert\u00f3w w dziedzinie wspierania os\u00f3b z niepe\u0142nosprawno\u015bci\u0105 wzrokow\u0105, pomagaj\u0105c im zdoby\u0107 umiej\u0119tno\u015bci niezb\u0119dne do prowadzenia warsztat\u00f3w ceramicznych dostosowanych do potrzeb tej grupy. W 2024 roku we W\u0142oszech m\u0142odzi uczestnicy z kraj\u00f3w partnerskich spotkali si\u0119, by wsp\u00f3lnie tworzy\u0107, dzieli\u0107 si\u0119 do\u015bwiadczeniami i budowa\u0107 relacje w przyjaznym, wielokulturowym \u015brodowisku. Projekt C.A.R.E. da\u0142 im szans\u0119 na rozwijanie kreatywno\u015bci poprzez prac\u0119 z ceramik\u0105, a tak\u017ce na doskonalenie zdolno\u015bci manualnych i budowanie pewno\u015bci siebie. Dla wielu z nich by\u0142o to nie tylko artystyczne do\u015bwiadczenie, ale tak\u017ce pierwszy krok w stron\u0119 przysz\u0142ej \u015bcie\u017cki zawodowej zwi\u0105zanej ze sztuk\u0105 i rzemios\u0142em. Zwie\u0144czeniem projektu by\u0142y wystawy i wydarzenia w krajach partnerskich, podczas kt\u00f3rych zaprezentowano prace uczestnik\u00f3w. Dzi\u0119ki temu ich talent i tw\u00f3rczo\u015b\u0107 mog\u0142y zosta\u0107 dostrze\u017cone przez szersz\u0105 publiczno\u015b\u0107. C.A.R.E. to co\u015b wi\u0119cej ni\u017c tylko projekt \u2013 to podr\u00f3\u017c ku integracji, wyra\u017caniu siebie i osobistemu rozwojowi. https:\/\/youtu.be\/HMlLPXfwpg0?si=mVTba6FBT1fcLoy1https:\/\/youtu.be\/XDVfgwxc7fQ?si=-nxxC6UvT84Qz91Dhttps:\/\/youtu.be\/VPw1RD2gwVY?si=DaFIdhWPrwVnkcjnhttps:\/\/youtu.be\/p-hioR1_qfo?si=ujXuLr3qB-k748dEhttps:\/\/youtu.be\/ly0R4Kj-Ovk?si=zKEcMJen79xr0lKhhttps:\/\/youtu.be\/LlXJ59WVuJI?si=-hhVEfXFI1yMGImUhttps:\/\/youtu.be\/QVVqiCVAfA4?si=arS3aDz7Av9Ah_Cdhttps:\/\/youtu.be\/oazRGe7OUDc?si=NjWmRseLhgdzVISB"}

Wideo Projekt Erasmus+ C.A.R.E. wykorzystuje ceramikę jako narzędzie do rozwijania kreatywności i uwrażliwiania na potrzeby młodych z niepełnosprawnością wzrokową. Dzięki warsztatom prowadzonym we Włoszech, Grecji, na Cyprze, w Irlandii i w Polsce, uczestnicy mieli okazję pracować z doświadczonymi ceramikami, edukatorami oraz specjalistami zajmującymi się wsparciem osób z dysfunkcją wzroku. Jednym z kluczowych działań projektu było międzynarodowe szkolenie, które odbyło się w Polsce w 2023 roku. Przygotowano wówczas specjalny program dla edukatorów i ekspertów w dziedzinie wspierania osób z niepełnosprawnością wzrokową, pomagając im zdobyć umiejętności niezbędne do prowadzenia warsztatów ceramicznych dostosowanych do potrzeb tej grupy. W 2024 roku we Włoszech młodzi uczestnicy z krajów partnerskich spotkali się, by wspólnie tworzyć, dzielić się doświadczeniami i budować relacje w przyjaznym, wielokulturowym środowisku. Projekt C.A.R.E. dał im szansę na rozwijanie kreatywności poprzez pracę z ceramiką, a także na doskonalenie zdolności manualnych i budowanie pewności siebie. Dla wielu z nich było to nie tylko artystyczne doświadczenie, ale także pierwszy krok w stronę przyszłej ścieżki zawodowej związanej ze sztuką i rzemiosłem. Zwieńczeniem projektu były wystawy i wydarzenia w krajach partnerskich, podczas których zaprezentowano prace uczestników. Dzięki temu ich talent i twórczość mogły zostać dostrzeżone przez szerszą publiczność. C.A.R.E. to coś więcej niż tylko projekt – to podróż ku integracji, wyrażaniu siebie i osobistemu rozwojowi. https://youtu.be/HMlLPXfwpg0?si=mVTba6FBT1fcLoy1https://youtu.be/XDVfgwxc7fQ?si=-nxxC6UvT84Qz91Dhttps://youtu.be/VPw1RD2gwVY?si=DaFIdhWPrwVnkcjnhttps://youtu.be/p-hioR1_qfo?si=ujXuLr3qB-k748dEhttps://youtu.be/ly0R4Kj-Ovk?si=zKEcMJen79xr0lKhhttps://youtu.be/LlXJ59WVuJI?si=-hhVEfXFI1yMGImUhttps://youtu.be/QVVqiCVAfA4?si=arS3aDz7Av9Ah_Cdhttps://youtu.be/oazRGe7OUDc?si=NjWmRseLhgdzVISB
